of 79.
79
List the prime factors of 924.
2, 3, 7, 11
List the prime factors of 1700.
2, 5, 17
List the prime factors of 11780.
2, 5, 19, 31
List the prime factors of 1418.
2, 709
List the prime factors of 10564.
2, 19, 139
List the prime factors of 17713.
17713
What are the prime factors of 1066?
2, 13, 41
What are the prime factors of 4349?
4349
What are the prime factors of 41756?
2, 11, 13, 73
What are the prime factors of 959?
7, 137
What are the prime factors of 36916?
2, 11, 839
What are the prime factors of 1269?
3, 47
What are the prime factors of 75219?
3, 25073
What are the prime factors of 1166?
2, 11, 53
What are the prime factors of 4317?
3, 1439
List the prime factors of 3896.
2, 487
What are the prime factors of 40428?
2, 3, 1123
What are the prime factors of 13327?
13327
List the prime factors of 37201.
37201
List the prime factors of 1634.
2, 19, 43
List the prime factors of 169294.
2, 47, 1801
List the prime factors of 112928.
2, 3529
List the prime factors of 1425.
3, 5, 19
List the prime factors of 36184.
2, 4523
List the prime factors of 13251.
3, 7, 631
List the prime factors of 28785.
3, 5, 19, 101
List the prime factors of 20159.
19, 1061
What are the prime factors of 894?
2, 3, 149
List the prime factors of 1259.
1259
List the prime factors of 2251.
2251
List the prime factors of 1724.
2, 431
List the prime factors of 11212.
2, 2803
What are the prime factors of 17952?
2, 3, 11, 17
List the prime factors of 338.
2, 13
What are the prime factors of 618?
2, 3, 103
What are the prime factors of 14455?
5, 7, 59
List the prime factors of 10214.
2, 5107
List the prime factors of 19573.
23, 37
List the prime factors of 38561.
38561
List the prime factors of 1077.
3, 359
List the prime factors of 96952.
2, 12119
What are the prime factors of 40167?
3, 4463
What are the prime factors of 69982?
2, 11, 3181
List the prime factors of 69298.
2, 34649
List the prime factors of 126392.
2, 7, 37, 61
List the prime factors of 42125.
5, 337
List the prime factors of 1282.
2, 641
List the prime factors of 3259.
3259
What are the prime factors of 2756?
2, 13, 53
List the prime factors of 9075.
3, 5, 11
What are the prime factors of 7591?
7591
List the prime factors of 60021.
3, 13, 19
List the prime factors of 5664.
2, 3, 59
What are the prime factors of 8853?
3, 13, 227
What are the prime factors of 616?
2, 7, 11
What are the prime factors of 9233?
7, 1319
List the prime factors of 807.
3, 269
List the prime factors of 464.
2, 29
List the prime factors of 65.
5, 13
What are the prime factors of 61440?
2, 3, 5
What are the prime factors of 3333?
3, 11, 101
List the prime factors of 227.
227
What are the prime factors of 216?
2, 3
List the prime factors of 8723.
11, 13, 61
What are the prime factors of 6788?
2, 1697
What are the prime factors of 474?
2, 3, 79
List the prime factors of 18515.
5, 7, 23
What are the prime factors of 4288?
2, 67
What are the prime factors of 185444?
2, 7, 37, 179
List the prime factors of 2387.
7, 11, 31
What are the prime factors of 2670?
2, 3, 5, 89
List the prime factors of 1463.
7, 11, 19
List the prime factors of 53472.
2, 3, 557
What are the prime factors of 9497?
9497
What are the prime factors of 3178?
2, 7, 227
What are the prime factors of 6274?
2, 3137
What are the prime factors of 997?
997
What are the prime factors of 4299?
3, 1433
List the prime factors of 5240.
2, 5, 131
List the prime factors of 49792.
2, 389
What are the prime factors of 1768?
2, 13, 17
What are the prime factors of 39715?
5, 13, 47
What are the prime factors of 23170?
2, 5, 7, 331
List the prime factors of 13032.
2, 3, 181
What are the prime factors of 34345?
5, 6869
What are the prime factors of 1835?
5, 367
List the prime factors of 286.
2, 11, 13
What are the prime factors of 34189?
179, 191
List the prime factors of 23449.
131, 179
What are the prime factors of 7369?
7369
What are the prime factors of 8822?
2, 11, 401
What are the prime factors of 270?
2, 3, 5
List the prime factors of 10423.
7, 1489
What are the prime factors of 18903?
3, 6301
List the prime factors of 64343.
37, 47
What are the prime factors of 6178?
2, 3089
List the prime factors of 69312.
2, 3, 19
What are the prime factors of 39962?
2, 13, 29, 53
What are the prime factors of 2873?
13, 17
List the prime factors of 189187.
189187
List the prime factors of 618.
2, 3, 103
List the prime factors of 245.
5, 7
What are the prime factors of 4905?
3, 5, 109
What are the prime factors of 115864?
2, 7, 2069
List the prime factors of 116947.
83, 1409
List the prime factors of 44890.
2, 5, 67
What are the prime factors of 18674?
2, 9337
What are the prime factors of 86564?
2, 17, 19, 67
List the prime factors of 10574.
2, 17, 311
List the prime factors of 18202.
2, 19, 479
What are the prime factors of 24549?
3, 7, 167
List the prime factors of 669.
3, 223
What are the prime factors of 4182?
2, 3, 17, 41
List the prime factors of 30732.
2, 3, 13, 197
What are the prime factors of 4898?
2, 31, 79
What are the prime factors of 52304?
2, 7, 467
What are the prime factors of 12896?
2, 13, 31
What are the prime factors of 12498?
2, 3, 2083
What are the prime factors of 17508?
2, 3, 1459
List the prime factors of 4492.
2, 1123
List the prime factors of 2983.
19, 157
What are the prime factors of 117123?
3, 39041
What are the prime factors of 5497?
23, 239
List the prime factors of 59980.
2, 5, 2999
What are the prime factors of 823?
823
What are the prime factors of 20212?
2, 31, 163
List the prime factors of 91.
7, 13
List the prime factors of 4110.
2, 3, 5, 137
List the prime factors of 18662.
2, 7, 31, 43
What are the prime factors of 1179?
3, 131
List the prime factors of 28689.
3, 73, 131
List the prime factors of 1045.
5, 11, 19
List the prime factors of 20930.
2, 5, 7, 13, 23
What are the prime factors of 89597?
89597
What are the prime factors of 129?
3, 43
What are the prime factors of 1751?
17, 103
What are the prime factors of 12468?
2, 3, 1039
What are the prime factors of 970?
2, 5, 97
List the prime factors of 48548.
2, 53, 229
List the prime factors of 2360.
2, 5, 59
List the prime factors of 29652.
2, 3, 7, 353
List the prime factors of 16675.
5, 23, 29
What are the prime factors of 152718?
2, 3, 25453
What are the prime factors of 23239?
17, 1367
What are the prime factors of 131443?
13, 10111
What are the prime factors of 22784?
2, 89
List the prime factors of 1463.
7, 11, 19
What are the prime factors of 32204?
2, 83, 97
What are the prime factors of 56353?
11, 47, 109
What are the prime factors of 3301?
3301
What are the prime factors of 58269?
3, 19423
What are the prime factors of 1189?
29, 41
List the prime factors of 3947.
3947
List the prime factors of 18671.
18671
What are the prime factors of 15161?
15161
List the prime factors of 13142.
2, 6571
List the prime factors of 84052.
2, 21013
What are the prime factors of 7899?
3, 2633
What are the prime factors of 3199?
7, 457
List the prime factors of 445.
5, 89
What are the prime factors of 10435?
5, 2087
List the prime factors of 316.
2, 79
List the prime factors of 6766.
2, 17, 199
List the prime factors of 1022.
2, 7, 73
What are the prime factors of 1847?
1847
List the prime factors of 70.
2, 5, 7
What are the prime factors of 47860?
2, 5, 2393
List the prime factors of 7003.
47, 149
What are the prime factors of 95?
5, 19
List the prime factors of 1603.
7, 229
List the prime factors of 1991.
11, 181
What are the prime factors of 823?
823
What are the prime factors of 46655?
5, 7, 31, 43
What are the prime factors of 216?
2, 3
List the prime factors of 7967.
31, 257
What are the prime factors of 1199?
11, 109
List the prime factors of 86257.
86257
What are the prime factors of 1472?
2, 23
What are the prime factors of 4817?
4817
List the prime factors of 25240.
2, 5, 631
What are the prime factors of 1485?
3, 5, 11
What are the prime factors of 1348?
2, 337
List the prime factors of 145234.
2, 72617
What are the prime factors of 515?
5, 103
List the prime factors of 876.
2, 3, 73
List the prime factors of 20251.
7, 11, 263
What are the prime factors of 16294?
2, 8147
What are the prime factors of 3935?
5, 787
List the prime factors of 143617.
143617
What are the prime factors of 96?
2,